 common divisor of 132 and 324?
12
What is the highest common divisor of 10 and 55?
5
What is the greatest common divisor of 261 and 54?
9
Calculate the highest common divisor of 26 and 130.
26
What is the greatest common factor of 36 and 531?
9
What is the highest common factor of 11600 and 150?
50
What is the greatest common divisor of 48 and 1428?
12
Calculate the greatest common factor of 236 and 5015.
59
Calculate the highest common divisor of 25762 and 22.
22
What is the highest common divisor of 5220 and 36?
36
What is the greatest common factor of 3348 and 992?
124
What is the highest common factor of 2301 and 117?
39
Calculate the greatest common divisor of 5148 and 132.
132
Calculate the greatest common factor of 172 and 12814.
86
Calculate the greatest common factor of 3173 and 19.
19
What is the greatest common factor of 68 and 2516?
68
What is the highest common divisor of 31899 and 147?
147
Calculate the highest common divisor of 2848 and 534.
178
What is the highest common factor of 720 and 576?
144
Calculate the highest common divisor of 1265 and 11.
11
Calculate the greatest common divisor of 52 and 26.
26
Calculate the highest common factor of 12 and 14208.
12
What is the highest common factor of 188 and 19223?
47
Calculate the highest common divisor of 36 and 5607.
9
Calculate the greatest common factor of 252 and 3402.
126
Calculate the greatest common divisor of 82 and 1394.
82
Calculate the highest common divisor of 272 and 896.
16
What is the greatest common factor of 329 and 35?
7
Calculate the highest common factor of 82 and 16236.
82
What is the greatest common factor of 231 and 7?
7
Calculate the greatest common factor of 5406 and 742.
106
Calculate the greatest common factor of 814 and 74.
74
Calculate the greatest common divisor of 2 and 4.
2
What is the highest common divisor of 95 and 1406?
19
What is the highest common factor of 10001 and 292?
73
Calculate the greatest common factor of 140 and 1.
1
What is the highest common factor of 264 and 429?
33
Calculate the highest common divisor of 80 and 3280.
80
Calculate the highest common factor of 81 and 1161.
27
Calculate the greatest common divisor of 90 and 790.
10
What is the greatest common factor of 451 and 205?
41
What is the greatest common factor of 135 and 8535?
15
What is the highest common divisor of 56 and 140?
28
Calculate the highest common divisor of 108 and 3348.
108
What is the greatest common factor of 160 and 11200?
160
Calculate the highest common factor of 118 and 4.
2
Calculate the greatest common factor of 1792 and 7.
7
What is the greatest common divisor of 25220 and 260?
260
What is the highest common divisor of 864 and 128?
32
Calculate the highest common factor of 111 and 1073.
37
Calculate the greatest common divisor of 11644 and 820.
164
What is the greatest common divisor of 120 and 80?
40
Calculate the highest common divisor of 90 and 405.
45
Calculate the highest common divisor of 110 and 90.
10
What is the greatest common factor of 37 and 703?
37
What is the highest common factor of 1240 and 31?
31
Calculate the highest common factor of 17 and 748.
17
Calculate the highest common factor of 212 and 265.
53
Calculate the highest common divisor of 57 and 152.
19
What is the highest common divisor of 6 and 174?
6
Calculate the greatest common factor of 92 and 713.
23
Calculate the highest common factor of 310 and 20.
10
What is the greatest common factor of 15090 and 10?
10
Calculate the greatest common factor of 340 and 204.
68
Calculate the highest common divisor of 75 and 4575.
75
What is the highest common factor of 170 and 136?
34
Calculate the highest common factor of 8738 and 68.
34
What is the highest common divisor of 56 and 904?
8
Calculate the highest common factor of 1710 and 270.
90
What is the highest common divisor of 94 and 329?
47
Calculate the highest common factor of 5565 and 35.
35
Calculate the highest common factor of 48 and 9408.
48
Calculate the highest common divisor of 104 and 16.
8
What is the greatest common divisor of 63874 and 218?
218
What is the greatest common divisor of 36 and 72?
36
Calculate the highest common divisor of 201 and 67.
67
Calculate the highest common divisor of 243 and 3.
3
Calculate the highest common factor of 5 and 8.
1
Calculate the greatest common factor of 23 and 667.
23
What is the highest common factor of 22 and 99?
11
Calculate the greatest common divisor of 328 and 8.
8
Calculate the greatest common divisor of 39 and 78.
39
Calculate the greatest common divisor of 170 and 10.
10
What is the greatest common divisor of 255 and 51?
51
What is the greatest common factor of 60 and 2780?
20
What is the greatest common divisor of 219 and 4745?
73
What is the greatest common factor of 124 and 4154?
62
Calculate the greatest common divisor of 732 and 132.
12
What is the greatest common factor of 716 and 12?
4
What is the highest common factor of 627 and 132?
33
Calculate the highest common factor of 720 and 1116.
36
What is the greatest common factor of 81 and 9?
9
Calculate the highest common factor of 2304 and 72.
72
Calculate the greatest common factor of 161 and 49.
7
What is the greatest common factor of 48 and 3600?
48
Calculate the highest common divisor of 175 and 75.
25
What is the highest common factor of 450 and 24525?
225
What is the highest common divisor of 204 and 8?
4
Calculate the highest common factor of 107 and 214.
107
Calculate the highest common divisor of 4686 and 462.
66
What is the greatest common factor of 344 and 129?
43
What is the greatest common divisor of 153 and 272?
17
What is the greatest common divisor of 2449 and 237?
79
What is the highest common factor of 231 and 336?
21
What is the greatest common factor of 13 and 2?
1
What is the greatest common divisor of 12 and 1524?
12
What is the greatest common divisor of 48 and 216?
24
Calculate the greatest common divisor of 38 and 93328.
38
Calculate the greatest common factor of 18 and 22.
2
What is the highest common divisor of 132881 and 287?
287
Calculate the highest common factor of 3210 and 60.
30
Calculate the greatest common factor of 45 and 252.
9
What is the greatest common divisor of 153 and 969?
51
Calculate the highest common divisor of 349 and 2.
1
Calculate the greatest common factor of 4 and 94.
2
What is the highest common factor of 15983 and 22?
11
Calculate the highest common divisor of 20 and 170.
10
Calculate the highest common divisor of 306 and 18.
18
Calculate the highest common factor of 25 and 4175.
25
Calculate the highest common factor of 22944 and 64.
32
What is the greatest common factor of 182 and 91?
91
What is the highest common divisor of 9630 and 90?
90
What is the greatest common factor of 9 and 93?
3
Calculate the greatest common divisor of 104 and 91.
13
What is the highest common factor of 38 and 513?
19
Calculate the greatest common factor of 5325 and 225.
75
Calculate the greatest common divisor of 108 and 2781.
27
What is the highest common factor of 416 and 5200?
208
Calculate the greatest common factor of 10 and 5.
5
Calculate the greatest common divisor of 906 and 6.
6
What is the highest common factor of 2674 and 1910?
382
What is the greatest common factor of 117 and 39?
39
Calculate the greatest common divisor of 801 and 89.
89
Calculate the highest common divisor of 44 and 44.
44
Calculate the highest common divisor of 438 and 2.
2
What is the highest common factor of 121 and 33?
11
Calculate the greatest common divisor of 5 and 7460.
5
What is the highest common divisor of 33 and 11?
11
What is the highest common factor of 486 and 1296?
162
Calculate the highest common divisor of 127 and 508.
127
Calculate the highest common factor of 12354 and 12.
6
Calculate the greatest common divisor of 22 and 5654.
22
Calculate the greatest common divisor of 414 and 18.
18
What is the highest common factor of 1265 and 345?
115
Calculate the greatest common factor of 684 and 15561.
171
Calculate the greatest common divisor of 1795 and 15.
5
Calculate the highest common factor of 5763 and 68.
17
Calculate the highest common factor of 328 and 451.
41
Calculate the greatest common factor of 60 and 1605.
15
What is the greatest common factor of 9589 and 43?
43
Calculat